{"id":3777,"date":"2026-03-06T07:46:12","date_gmt":"2026-03-06T06:46:12","guid":{"rendered":"http:\/\/localhost:8888\/proms2026\/?post_type=product&#038;p=3777"},"modified":"2026-03-21T16:26:29","modified_gmt":"2026-03-21T15:26:29","slug":"s422-brudsloja-bianco-evento","status":"publish","type":"product","link":"https:\/\/promsandweddings.se\/dk\/produkt\/s422-brudsloja-bianco-evento\/","title":{"rendered":"S422 brudesl\u00f8j Bianco evento"},"content":{"rendered":"<div><a href=\"https:\/\/bianco-evento.com\/en\/s-422.html\">https:\/\/bianco-evento.com\/en\/s-422.html<\/a><\/div>\n<div>\u2022 Et lags sl\u00f8j<br \/>\n\u2022 med spidskant<br \/>\n\u2022 med p\u00e5sat kam<br \/>\n\u2022 fremstillet af diamanttyl<br \/>\n\u2022 l\u00e6ngde 300 cm<\/div>\n<div class=\"FFpbKc\">kan v\u00e6lge <a href=\"https:\/\/promsandweddings.se\/dk\/vare-kategori\/smycken\/\">Smykker<\/a> som passer den<\/div>","protected":false},"excerpt":{"rendered":"<p><strong>by BIANCO EVENTO\u00a0<\/strong><\/p>\n<p>Diamanttyllsl\u00f6ja med spetskant, 300 cm<\/p>","protected":false},"featured_media":29324,"template":"","meta":[],"pwb-brand":[],"product_brand":[],"product_cat":[165,31,30],"product_tag":[192,153,32,34],"class_list":{"0":"post-3777","1":"product","2":"type-product","3":"status-publish","4":"has-post-thumbnail","6":"product_cat-bianco-evento","7":"product_cat-slojor","8":"product_cat-tillbehor","9":"product_tag-300cm","10":"product_tag-brollopssloja","11":"product_tag-brudsloja","12":"product_tag-sloja","13":"product_shipping_class-festklanningar","15":"first","16":"instock","17":"shipping-taxable","18":"purchasable","19":"product-type-variable"},"yoast_head":"<!-- This site is optimized with the Yoast SEO plugin v27.4 - https:\/\/yoast.com\/product\/yoast-seo-wordpress\/ -->\n<title>S422 brudsl\u00f6ja Bianco evento brudsl\u00f6ja Bianco Evento |\u00a0Proms and Weddings \u00ae<\/title>\n<meta name=\"description\" content=\"S422 brudsl\u00f6ja Bianco evento En lagersl\u00f6ja.med spetskant. med p\u00e5satt kam. gjord av diamanttyll. L\u00e4ngd 300 cm.\" \/>\n<meta name=\"robots\" content=\"index, follow, max-snippet:-1, max-image-preview:large, max-video-preview:-1\" \/>\n<link rel=\"canonical\" href=\"https:\/\/promsandweddings.se\/dk\/vare\/s422-brudsloja-bianco-evento\/\" \/>\n<meta property=\"og:locale\" content=\"da_DK\" \/>\n<meta property=\"og:type\" content=\"article\" \/>\n<meta property=\"og:title\" content=\"S422 brudsl\u00f6ja Bianco evento brudsl\u00f6ja Bianco Evento |\u00a0Proms and Weddings \u00ae\" \/>\n<meta property=\"og:description\" content=\"S422 brudsl\u00f6ja Bianco evento En lagersl\u00f6ja.med spetskant. med p\u00e5satt kam. gjord av diamanttyll. L\u00e4ngd 300 cm.\" \/>\n<meta property=\"og:url\" content=\"https:\/\/promsandweddings.se\/dk\/vare\/s422-brudsloja-bianco-evento\/\" \/>\n<meta property=\"og:site_name\" content=\"Proms and Weddings\" \/>\n<meta property=\"article:publisher\" content=\"https:\/\/www.facebook.com\/promsandweddings\" \/>\n<meta property=\"article:modified_time\" content=\"2026-03-21T15:26:29+00:00\" \/>\n<meta property=\"og:image\" content=\"https:\/\/promsandweddings.se\/wp-content\/uploads\/2026\/03\/bianco-evento-bridal-veil-s-422-_1_.jpg\" \/>\n\t<meta property=\"og:image:width\" content=\"705\" \/>\n\t<meta property=\"og:image:height\" content=\"935\" \/>\n\t<meta property=\"og:image:type\" content=\"image\/jpeg\" \/>\n<meta name=\"twitter:card\" content=\"summary_large_image\" \/>\n<meta name=\"twitter:site\" content=\"@PromsWeddings\" \/>\n<meta name=\"twitter:label1\" content=\"Estimeret l\u00e6setid\" \/>\n\t<meta name=\"twitter:data1\" content=\"1 minut\" \/>\n<script type=\"application\/ld+json\" class=\"yoast-schema-graph\">{\"@context\":\"https:\\\/\\\/schema.org\",\"@graph\":[{\"@type\":\"WebPage\",\"@id\":\"https:\\\/\\\/promsandweddings.se\\\/produkt\\\/s422-brudsloja-bianco-evento\\\/\",\"url\":\"https:\\\/\\\/promsandweddings.se\\\/produkt\\\/s422-brudsloja-bianco-evento\\\/\",\"name\":\"S422 brudsl\u00f6ja Bianco evento brudsl\u00f6ja Bianco Evento |\u00a0Proms and Weddings \u00ae\",\"isPartOf\":{\"@id\":\"https:\\\/\\\/promsandweddings.se\\\/#website\"},\"primaryImageOfPage\":{\"@id\":\"https:\\\/\\\/promsandweddings.se\\\/produkt\\\/s422-brudsloja-bianco-evento\\\/#primaryimage\"},\"image\":{\"@id\":\"https:\\\/\\\/promsandweddings.se\\\/produkt\\\/s422-brudsloja-bianco-evento\\\/#primaryimage\"},\"thumbnailUrl\":\"https:\\\/\\\/promsandweddings.se\\\/wp-content\\\/uploads\\\/2026\\\/03\\\/bianco-evento-bridal-veil-s-422-_1_.jpg\",\"datePublished\":\"2026-03-06T06:46:12+00:00\",\"dateModified\":\"2026-03-21T15:26:29+00:00\",\"description\":\"S422 brudsl\u00f6ja Bianco evento En lagersl\u00f6ja.med spetskant. med p\u00e5satt kam. gjord av diamanttyll. L\u00e4ngd 300 cm.\",\"breadcrumb\":{\"@id\":\"https:\\\/\\\/promsandweddings.se\\\/produkt\\\/s422-brudsloja-bianco-evento\\\/#breadcrumb\"},\"inLanguage\":\"da-DK\",\"potentialAction\":[{\"@type\":\"ReadAction\",\"target\":[\"https:\\\/\\\/promsandweddings.se\\\/produkt\\\/s422-brudsloja-bianco-evento\\\/\"]}]},{\"@type\":\"ImageObject\",\"inLanguage\":\"da-DK\",\"@id\":\"https:\\\/\\\/promsandweddings.se\\\/produkt\\\/s422-brudsloja-bianco-evento\\\/#primaryimage\",\"url\":\"https:\\\/\\\/promsandweddings.se\\\/wp-content\\\/uploads\\\/2026\\\/03\\\/bianco-evento-bridal-veil-s-422-_1_.jpg\",\"contentUrl\":\"https:\\\/\\\/promsandweddings.se\\\/wp-content\\\/uploads\\\/2026\\\/03\\\/bianco-evento-bridal-veil-s-422-_1_.jpg\",\"width\":705,\"height\":935},{\"@type\":\"BreadcrumbList\",\"@id\":\"https:\\\/\\\/promsandweddings.se\\\/produkt\\\/s422-brudsloja-bianco-evento\\\/#breadcrumb\",\"itemListElement\":[{\"@type\":\"ListItem\",\"position\":1,\"name\":\"Home\",\"item\":\"https:\\\/\\\/promsandweddings.se\\\/\"},{\"@type\":\"ListItem\",\"position\":2,\"name\":\"Webshop\",\"item\":\"https:\\\/\\\/promsandweddings.se\\\/webshop\\\/\"},{\"@type\":\"ListItem\",\"position\":3,\"name\":\"S422 brudsl\u00f6ja Bianco evento\"}]},{\"@type\":\"WebSite\",\"@id\":\"https:\\\/\\\/promsandweddings.se\\\/#website\",\"url\":\"https:\\\/\\\/promsandweddings.se\\\/\",\"name\":\"Proms and Weddings\",\"description\":\"Hitta din dr\u00f6mkl\u00e4nning\",\"publisher\":{\"@id\":\"https:\\\/\\\/promsandweddings.se\\\/#organization\"},\"alternateName\":\"Proms & Weddings\",\"potentialAction\":[{\"@type\":\"SearchAction\",\"target\":{\"@type\":\"EntryPoint\",\"urlTemplate\":\"https:\\\/\\\/promsandweddings.se\\\/?s={search_term_string}\"},\"query-input\":{\"@type\":\"PropertyValueSpecification\",\"valueRequired\":true,\"valueName\":\"search_term_string\"}}],\"inLanguage\":\"da-DK\"},{\"@type\":\"Organization\",\"@id\":\"https:\\\/\\\/promsandweddings.se\\\/#organization\",\"name\":\"Proms & Weddings\",\"url\":\"https:\\\/\\\/promsandweddings.se\\\/\",\"logo\":{\"@type\":\"ImageObject\",\"inLanguage\":\"da-DK\",\"@id\":\"https:\\\/\\\/promsandweddings.se\\\/#\\\/schema\\\/logo\\\/image\\\/\",\"url\":\"https:\\\/\\\/promsandweddings.se\\\/wp-content\\\/uploads\\\/2026\\\/03\\\/pwlogosv-2-2.webp\",\"contentUrl\":\"https:\\\/\\\/promsandweddings.se\\\/wp-content\\\/uploads\\\/2026\\\/03\\\/pwlogosv-2-2.webp\",\"width\":556,\"height\":152,\"caption\":\"Proms & Weddings\"},\"image\":{\"@id\":\"https:\\\/\\\/promsandweddings.se\\\/#\\\/schema\\\/logo\\\/image\\\/\"},\"sameAs\":[\"https:\\\/\\\/www.facebook.com\\\/promsandweddings\",\"https:\\\/\\\/x.com\\\/PromsWeddings\",\"https:\\\/\\\/www.instagram.com\\\/promsandweddings\\\/\",\"https:\\\/\\\/www.youtube.com\\\/@promsandweddings\\\/shorts\",\"https:\\\/\\\/www.tiktok.com\\\/@promsandweddings\",\"https:\\\/\\\/se.pinterest.com\\\/promsandwedding\"]}]}<\/script>\n<!-- \/ Yoast SEO plugin. -->","yoast_head_json":{"title":"S422 brudesl\u00f8j Bianco evento brudesl\u00f8j Bianco Evento | Proms and Weddings \u00ae","description":"S422 brudesl\u00f8j Bianco evento Et lags sl\u00f8j. med spidskant. med p\u00e5sat kam. lavet af diamanttyl. L\u00e6ngde 300 cm.","robots":{"index":"index","follow":"follow","max-snippet":"max-snippet:-1","max-image-preview":"max-image-preview:large","max-video-preview":"max-video-preview:-1"},"canonical":"https:\/\/promsandweddings.se\/dk\/vare\/s422-brudsloja-bianco-evento\/","og_locale":"da_DK","og_type":"article","og_title":"S422 brudsl\u00f6ja Bianco evento brudsl\u00f6ja Bianco Evento |\u00a0Proms and Weddings \u00ae","og_description":"S422 brudsl\u00f6ja Bianco evento En lagersl\u00f6ja.med spetskant. med p\u00e5satt kam. gjord av diamanttyll. L\u00e4ngd 300 cm.","og_url":"https:\/\/promsandweddings.se\/dk\/vare\/s422-brudsloja-bianco-evento\/","og_site_name":"Proms and Weddings","article_publisher":"https:\/\/www.facebook.com\/promsandweddings","article_modified_time":"2026-03-21T15:26:29+00:00","og_image":[{"width":705,"height":935,"url":"https:\/\/promsandweddings.se\/wp-content\/uploads\/2026\/03\/bianco-evento-bridal-veil-s-422-_1_.jpg","type":"image\/jpeg"}],"twitter_card":"summary_large_image","twitter_site":"@PromsWeddings","twitter_misc":{"Estimeret l\u00e6setid":"1 minut"},"schema":{"@context":"https:\/\/schema.org","@graph":[{"@type":"WebPage","@id":"https:\/\/promsandweddings.se\/produkt\/s422-brudsloja-bianco-evento\/","url":"https:\/\/promsandweddings.se\/produkt\/s422-brudsloja-bianco-evento\/","name":"S422 brudesl\u00f8j Bianco evento brudesl\u00f8j Bianco Evento | Proms and Weddings \u00ae","isPartOf":{"@id":"https:\/\/promsandweddings.se\/#website"},"primaryImageOfPage":{"@id":"https:\/\/promsandweddings.se\/produkt\/s422-brudsloja-bianco-evento\/#primaryimage"},"image":{"@id":"https:\/\/promsandweddings.se\/produkt\/s422-brudsloja-bianco-evento\/#primaryimage"},"thumbnailUrl":"https:\/\/promsandweddings.se\/wp-content\/uploads\/2026\/03\/bianco-evento-bridal-veil-s-422-_1_.jpg","datePublished":"2026-03-06T06:46:12+00:00","dateModified":"2026-03-21T15:26:29+00:00","description":"S422 brudesl\u00f8j Bianco evento Et lags sl\u00f8j. med spidskant. med p\u00e5sat kam. lavet af diamanttyl. L\u00e6ngde 300 cm.","breadcrumb":{"@id":"https:\/\/promsandweddings.se\/produkt\/s422-brudsloja-bianco-evento\/#breadcrumb"},"inLanguage":"da-DK","potentialAction":[{"@type":"ReadAction","target":["https:\/\/promsandweddings.se\/produkt\/s422-brudsloja-bianco-evento\/"]}]},{"@type":"ImageObject","inLanguage":"da-DK","@id":"https:\/\/promsandweddings.se\/produkt\/s422-brudsloja-bianco-evento\/#primaryimage","url":"https:\/\/promsandweddings.se\/wp-content\/uploads\/2026\/03\/bianco-evento-bridal-veil-s-422-_1_.jpg","contentUrl":"https:\/\/promsandweddings.se\/wp-content\/uploads\/2026\/03\/bianco-evento-bridal-veil-s-422-_1_.jpg","width":705,"height":935},{"@type":"BreadcrumbList","@id":"https:\/\/promsandweddings.se\/produkt\/s422-brudsloja-bianco-evento\/#breadcrumb","itemListElement":[{"@type":"ListItem","position":1,"name":"Home","item":"https:\/\/promsandweddings.se\/"},{"@type":"ListItem","position":2,"name":"Webshop","item":"https:\/\/promsandweddings.se\/webshop\/"},{"@type":"ListItem","position":3,"name":"S422 brudsl\u00f6ja Bianco evento"}]},{"@type":"WebSite","@id":"https:\/\/promsandweddings.se\/#website","url":"https:\/\/promsandweddings.se\/","name":"Proms and Weddings","description":"Find din dr\u00f8mmekjole","publisher":{"@id":"https:\/\/promsandweddings.se\/#organization"},"alternateName":"Proms & Weddings","potentialAction":[{"@type":"SearchAction","target":{"@type":"EntryPoint","urlTemplate":"https:\/\/promsandweddings.se\/?s={search_term_string}"},"query-input":{"@type":"PropertyValueSpecification","valueRequired":true,"valueName":"search_term_string"}}],"inLanguage":"da-DK"},{"@type":"Organization","@id":"https:\/\/promsandweddings.se\/#organization","name":"Proms &amp; Weddings","url":"https:\/\/promsandweddings.se\/","logo":{"@type":"ImageObject","inLanguage":"da-DK","@id":"https:\/\/promsandweddings.se\/#\/schema\/logo\/image\/","url":"https:\/\/promsandweddings.se\/wp-content\/uploads\/2026\/03\/pwlogosv-2-2.webp","contentUrl":"https:\/\/promsandweddings.se\/wp-content\/uploads\/2026\/03\/pwlogosv-2-2.webp","width":556,"height":152,"caption":"Proms & Weddings"},"image":{"@id":"https:\/\/promsandweddings.se\/#\/schema\/logo\/image\/"},"sameAs":["https:\/\/www.facebook.com\/promsandweddings","https:\/\/x.com\/PromsWeddings","https:\/\/www.instagram.com\/promsandweddings\/","https:\/\/www.youtube.com\/@promsandweddings\/shorts","https:\/\/www.tiktok.com\/@promsandweddings","https:\/\/se.pinterest.com\/promsandwedding"]}]}},"jetpack_sharing_enabled":true,"brands":[],"_links":{"self":[{"href":"https:\/\/promsandweddings.se\/dk\/wp-json\/wp\/v2\/product\/3777","targetHints":{"allow":["GET"]}}],"collection":[{"href":"https:\/\/promsandweddings.se\/dk\/wp-json\/wp\/v2\/product"}],"about":[{"href":"https:\/\/promsandweddings.se\/dk\/wp-json\/wp\/v2\/types\/product"}],"wp:featuredmedia":[{"embeddable":true,"href":"https:\/\/promsandweddings.se\/dk\/wp-json\/wp\/v2\/media\/29324"}],"wp:attachment":[{"href":"https:\/\/promsandweddings.se\/dk\/wp-json\/wp\/v2\/media?parent=3777"}],"wp:term":[{"taxonomy":"pwb-brand","embeddable":true,"href":"https:\/\/promsandweddings.se\/dk\/wp-json\/wp\/v2\/pwb-brand?post=3777"},{"taxonomy":"product_brand","embeddable":true,"href":"https:\/\/promsandweddings.se\/dk\/wp-json\/wp\/v2\/product_brand?post=3777"},{"taxonomy":"product_cat","embeddable":true,"href":"https:\/\/promsandweddings.se\/dk\/wp-json\/wp\/v2\/product_cat?post=3777"},{"taxonomy":"product_tag","embeddable":true,"href":"https:\/\/promsandweddings.se\/dk\/wp-json\/wp\/v2\/product_tag?post=3777"}],"curies":[{"name":"wp","href":"https:\/\/api.w.org\/{rel}","templated":true}]}}

S422 brudesløj Bianco evento

<div><a href="https://bianco-evento.com/en/s-422.html">https://bianco-evento.com/en/s-422.html</a></div>
<div>• Et lags sløj<br />
• med spidskant<br />
• med påsat kam<br />
• fremstillet af diamanttyl<br />
• længde 300 cm</div>
<div class="FFpbKc">kan vælge <a href="https://promsandweddings.se/dk/vare-kategori/smycken/">Smykker</a> som passer den</div>

<p><strong>by BIANCO EVENTO </strong></p>
<p>Diamanttyllslöja med spetskant, 300 cm</p>

<!-- This site is optimized with the Yoast SEO plugin v27.4 - https://yoast.com/product/yoast-seo-wordpress/ -->
<title>S422 brudslöja Bianco evento brudslöja Bianco Evento | Proms and Weddings ®</title>
<meta name="description" content="S422 brudslöja Bianco evento En lagerslöja.med spetskant. med påsatt kam. gjord av diamanttyll. Längd 300 cm." />
<meta name="robots" content="index, follow, max-snippet:-1, max-image-preview:large, max-video-preview:-1" />
<link rel="canonical" href="https://promsandweddings.se/dk/vare/s422-brudsloja-bianco-evento/" />
<meta property="og:locale" content="da_DK" />
<meta property="og:type" content="article" />
<meta property="og:title" content="S422 brudslöja Bianco evento brudslöja Bianco Evento | Proms and Weddings ®" />
<meta property="og:description" content="S422 brudslöja Bianco evento En lagerslöja.med spetskant. med påsatt kam. gjord av diamanttyll. Längd 300 cm." />
<meta property="og:url" content="https://promsandweddings.se/dk/vare/s422-brudsloja-bianco-evento/" />
<meta property="og:site_name" content="Proms and Weddings" />
<meta property="article:publisher" content="https://www.facebook.com/promsandweddings" />
<meta property="article:modified_time" content="2026-03-21T15:26:29+00:00" />
<meta property="og:image" content="https://promsandweddings.se/wp-content/uploads/2026/03/bianco-evento-bridal-veil-s-422-_1_.jpg" />
	<meta property="og:image:width" content="705" />
	<meta property="og:image:height" content="935" />
	<meta property="og:image:type" content="image/jpeg" />
<meta name="twitter:card" content="summary_large_image" />
<meta name="twitter:site" content="@PromsWeddings" />
<meta name="twitter:label1" content="Estimeret læsetid" />
	<meta name="twitter:data1" content="1 minut" />
<script type="application/ld+json" class="yoast-schema-graph">{"@context":"https:\/\/schema.org","@graph":[{"@type":"WebPage","@id":"https:\/\/promsandweddings.se\/produkt\/s422-brudsloja-bianco-evento\/","url":"https:\/\/promsandweddings.se\/produkt\/s422-brudsloja-bianco-evento\/","name":"S422 brudslöja Bianco evento brudslöja Bianco Evento | Proms and Weddings ®","isPartOf":{"@id":"https:\/\/promsandweddings.se\/#website"},"primaryImageOfPage":{"@id":"https:\/\/promsandweddings.se\/produkt\/s422-brudsloja-bianco-evento\/#primaryimage"},"image":{"@id":"https:\/\/promsandweddings.se\/produkt\/s422-brudsloja-bianco-evento\/#primaryimage"},"thumbnailUrl":"https:\/\/promsandweddings.se\/wp-content\/uploads\/2026\/03\/bianco-evento-bridal-veil-s-422-_1_.jpg","datePublished":"2026-03-06T06:46:12+00:00","dateModified":"2026-03-21T15:26:29+00:00","description":"S422 brudslöja Bianco evento En lagerslöja.med spetskant. med påsatt kam. gjord av diamanttyll. Längd 300 cm.","breadcrumb":{"@id":"https:\/\/promsandweddings.se\/produkt\/s422-brudsloja-bianco-evento\/#breadcrumb"},"inLanguage":"da-DK","potentialAction":[{"@type":"ReadAction","target":["https:\/\/promsandweddings.se\/produkt\/s422-brudsloja-bianco-evento\/"]}]},{"@type":"ImageObject","inLanguage":"da-DK","@id":"https:\/\/promsandweddings.se\/produkt\/s422-brudsloja-bianco-evento\/#primaryimage","url":"https:\/\/promsandweddings.se\/wp-content\/uploads\/2026\/03\/bianco-evento-bridal-veil-s-422-_1_.jpg","contentUrl":"https:\/\/promsandweddings.se\/wp-content\/uploads\/2026\/03\/bianco-evento-bridal-veil-s-422-_1_.jpg","width":705,"height":935},{"@type":"BreadcrumbList","@id":"https:\/\/promsandweddings.se\/produkt\/s422-brudsloja-bianco-evento\/#breadcrumb","itemListElement":[{"@type":"ListItem","position":1,"name":"Home","item":"https:\/\/promsandweddings.se\/"},{"@type":"ListItem","position":2,"name":"Webshop","item":"https:\/\/promsandweddings.se\/webshop\/"},{"@type":"ListItem","position":3,"name":"S422 brudslöja Bianco evento"}]},{"@type":"WebSite","@id":"https:\/\/promsandweddings.se\/#website","url":"https:\/\/promsandweddings.se\/","name":"Proms and Weddings","description":"Hitta din drömklänning","publisher":{"@id":"https:\/\/promsandweddings.se\/#organization"},"alternateName":"Proms & Weddings","potentialAction":[{"@type":"SearchAction","target":{"@type":"EntryPoint","urlTemplate":"https:\/\/promsandweddings.se\/?s={search_term_string}"},"query-input":{"@type":"PropertyValueSpecification","valueRequired":true,"valueName":"search_term_string"}}],"inLanguage":"da-DK"},{"@type":"Organization","@id":"https:\/\/promsandweddings.se\/#organization","name":"Proms & Weddings","url":"https:\/\/promsandweddings.se\/","logo":{"@type":"ImageObject","inLanguage":"da-DK","@id":"https:\/\/promsandweddings.se\/#\/schema\/logo\/image\/","url":"https:\/\/promsandweddings.se\/wp-content\/uploads\/2026\/03\/pwlogosv-2-2.webp","contentUrl":"https:\/\/promsandweddings.se\/wp-content\/uploads\/2026\/03\/pwlogosv-2-2.webp","width":556,"height":152,"caption":"Proms & Weddings"},"image":{"@id":"https:\/\/promsandweddings.se\/#\/schema\/logo\/image\/"},"sameAs":["https:\/\/www.facebook.com\/promsandweddings","https:\/\/x.com\/PromsWeddings","https:\/\/www.instagram.com\/promsandweddings\/","https:\/\/www.youtube.com\/@promsandweddings\/shorts","https:\/\/www.tiktok.com\/@promsandweddings","https:\/\/se.pinterest.com\/promsandwedding"]}]}</script>
<!-- / Yoast SEO plugin. -->

S422 brudesløj Bianco evento brudesløj Bianco Evento | Proms and Weddings ®

S422 brudesløj Bianco evento Et lags sløj. med spidskant. med påsat kam. lavet af diamanttyl. Længde 300 cm.

S422 brudslöja Bianco evento brudslöja Bianco Evento | Proms and Weddings ®

S422 brudslöja Bianco evento En lagerslöja.med spetskant. med påsatt kam. gjord av diamanttyll. Längd 300 cm.

S422 brudslöja Bianco evento

Find din drømmekjole
